igit of f?
7
Let s = -13635 - -51815. What is the ten thousands digit of s?
3
Let m(f) = -122*f + 1148. What is the units digit of m(-28)?
4
What is the thousands digit of (-2474514)/(-294) + (-2)/42*-6?
8
Let o(y) = 5*y**2 + 9*y + 26. What is the hundreds digit of o(-8)?
2
Suppose -2*u + 3*a + 43 = -6, -5*a = 5*u - 160. Suppose u*s + 7332 = 35*s. What is the units digit of s?
2
Suppose 2*c - c = 6*c - 54290. What is the thousands digit of c?
0
Suppose 690 = -16*i + 4226. Let w(a) = -a**2 + 18*a - 6. Let j be w(7). Suppose 2*x + j = i. What is the units digit of x?
5
Suppose 0 = s - 21 + 25, v - 5*s - 2375 = 0. Suppose -2*y - 602 - 2898 = -3*o, 2*o + 3*y = v. What is the units digit of o?
0
Suppose 106798 = 10*j + 17103 - 12695. What is the hundreds digit of j?
2
Let f be (-5 - -1) + -5*(-24)/(-20). Let w(a) = a**3 - 5*a + 6*a**2 + 3*a - 15 + 4*a**2. What is the units digit of w(f)?
5
Let u(a) = -3*a**3 + 25*a**2 + 12*a + 340. What is the units digit of u(-19)?
4
Let o(v) = -147*v**3 - 2*v**2 - 27*v - 65. What is the tens digit of o(-4)?
1
Let j(o) = 3*o**2 - 4*o - 2. Let m be j(3). Suppose 5*g + 4*c - 2632 = 0, m - 22 = -3*c. What is the hundreds digit of g?
5
Suppose l = -13 + 1. Let v = 69 + l. Suppose -3*m + m + 3*k + v = 0, k - 31 = -m. What is the tens digit of m?
3
Let p(g) = g**3 - 7*g**2 - 43*g - 7. Let c be p(11). Suppose -6*r + c*r + 5*f = -901, 0 = -5*r - 5*f + 2305. What is the tens digit of r?
5
Suppose -9*h + 1293 = 330. Let s = 514 + h. Suppose q + s = 10*q. What is the units digit of q?
9
Let c(t) be the third derivative of 5*t**4/8 + 17*t**3/2 + 10*t**2. Let f = 211 - 200. What is the units digit of c(f)?
6
Let p = -77 + 206. Let g = p + -248. What is the tens digit of (-4)/(-24) + g/(-6)?
2
Let o = 323 + -291. Suppose -2*w + 100 - o = 0. What is the units digit of w?
4
Suppose 646 + 824 = 5*h. Suppose 0 = 9*q - 3*q - h. Let s = 2 + q. What is the units digit of s?
1
Let o(i) = 6722*i + 1357. What is the hundreds digit of o(4)?
2
What is the ten thousands digit of (12*24622/4)/((-5784)/(-3856))?
4
Suppose -6*c + 2 = 2. Suppose -4*k + 2*m + 70 = c, 0 = 2*k + 2*k + 4*m - 64. What is the units digit of k?
7
Suppose d + 111 = -f, -d - 4 = -3. What is the tens digit of (2 - 3) + 8 - f?
1
Let u(s) = -14832*s**3 + 4*s**2 + 3*s + 1. What is the thousands digit of u(-1)?
4
Suppose 0*r + 3*v + 8 = -2*r, -3*r = 2*v + 2. Suppose -2658 = -4*b - r*m, 2*m = -5*b + 3*b + 1334. What is the hundreds digit of b?
6
What is the thousands digit of -6 - 117/(-21) - 1421277/(-91)?
5
Let f(k) = k**3 + 49*k**2 - 7*k - 150. What is the tens digit of f(-49)?
9
Suppose -x + 8*u + 14968 = -5718, 0 = 5*x - u - 103196. What is the hundreds digit of x?
6
Let s(c) be the first derivative of -c**4/4 + 2*c**3 + 2*c - 7. Let l be s(5). Let v(h) = h**3 - 27*h**2 + 2*h - 22. What is the tens digit of v(l)?
3
Let z be (-9)/15 + 280/50. Suppose 4*x - 144 = 3*x. Suppose z*o = -o + x. What is the tens digit of o?
2
Suppose -89675 = -608*y + 591*y. What is the tens digit of y?
7
Let q = -35 - -39. Let o be (-27)/(-4) + 1/q. Let a = 58 - o. What is the units digit of a?
1
What is the thousands digit of 40/(-24) - 236484/(-27)?
8
Let u be (51/85)/((-1)/(-5)). Suppose 5*t + u*n + 27 = -0*n, -2*t = -5*n + 17. What is the tens digit of 43 + 1*t + 4?
4
Suppose -2*v - 10*j = -14*j - 26310, -2*v + 26304 = -2*j. What is the ten thousands digit of v?
1
Let p(g) = 371*g - 2. Let y(v) = -v - 3. Let a(t) = 3*p(t) + 6*y(t). What is the units digit of a(1)?
3
Let g(l) = -9*l**2 - 13*l - 2. Let w be g(-7). Let u = 373 + w. What is the tens digit of u?
2
What is the hundreds digit of (-807*(-1)/6)/(20/720)?
8
Let l(i) = 41*i + 74. Let w be l(7). Let o = -287 + w. What is the tens digit of o?
7
Suppose -2*p = 3*p - 155. Suppose r + 15 = p. Let k(y) = y**3 - 17*y**2 + 17*y + 6. What is the units digit of k(r)?
2
Let t(p) = p**3 + p - 1. Let w(i) = 7*i**3 + i**2 - i - 4. Let y(s) = 3*s + 2. Let f be y(-1). Let z(q) = f*w(q) + t(q). What is the units digit of z(-2)?
3
Let w be -3 + (4 - (-2 - 1)). Suppose w*o - 28 = 2*v + 2*v, 5*o = 2*v + 20. Suppose -5*q = -o*q - 267. What is the tens digit of q?
8
Let g(y) = 2*y**3 - 11*y**2 + 3*y. Let t be g(6). Suppose -n - 3 = -t. What is the tens digit of n?
5
Let h be 21/(-2)*16/(-12). Let w(p) = -p**3 + 17*p**2 + 6*p - 30. Let n be w(h). Suppose -390 = -4*j + n. What is the tens digit of j?
5
Let a(m) = 38*m + 22. Let k be a(16). What is the hundreds digit of 3/(1*5/k)?
3
Suppose -3*c + t - 2*t + 1 = 0, c + 4*t - 15 = 0. Let b = 109 - -41. What is the hundreds digit of (-2 + c)*b/(-36)*16?
2
Suppose -2*p = -2*k - 15856, 565*p - 570*p + 39640 = 3*k. What is the tens digit of p?
2
Suppose 0 = -37*d + 47*d + 240. What is the tens digit of (-1970)/4*d/30?
9
Let d(a) = -253*a - 44. Let p be d(3). Let x = p - -1275. What is the hundreds digit of x?
4
Suppose 2*t - 81835 + 15025 = -5*a, -3*t = -2*a - 100196. What is the units digit of t?
0
Let g = -4 + -37. Let c = 37 + g. What is the tens digit of 372/16 - -3 - c/(-16)?
2
Let a(c) = 4*c**2 - 11*c + 1. Let h(o) = -11*o**2 + 32*o - 2. Let t(w) = 8*a(w) + 3*h(w). Let f be t(7). What is the units digit of (-6)/f + 92/(-24)*-2?
7
Suppose 0 = 19*x + 1923 - 24305. What is the tens digit of x?
7
Suppose 8109 = 5*p - 5*n - 2256, p - 2064 = 4*n. What is the units digit of p?
6
Let c = -2557 + 6562. Let p = c + -2696. What is the thousands digit of p?
1
Suppose 25 = -5*s, 2*u - 3*u + 5*s + 33696 = 0. What is the thousands digit of u?
3
Let j = 3319 + 4159. What is the tens digit of j?
7
Let l(b) = 8*b**3 - 5*b**2 + 7*b - 8. Let j be l(5). Suppose 5*q = 4*c + j, -5*c + 4*c = 3. What is the tens digit of q?
7
Let o = 85 - 90. Let k(v) = 35*v**2 - v - 9. What is the units digit of k(o)?
1
Let q(v) = 8*v + 3. Let l be q(-7). Let y = l + 67. Suppose y*k = 63 - 21. What is the units digit of k?
3
Let k(s) = s. Let q be k(3). Suppose 3*c + 18 = 2*u, 8*u = q*u - 4*c + 22. Suppose -l + 211 = -3*v, 4*l = u*l + 2*v - 462. What is the units digit of l?
6
Let t(o) = 3*o**3 - 302*o**2 - 342*o + 202. What is the hundreds digit of t(102)?
9
Let v(c) = 7420*c - 1699. What is the thousands digit of v(2)?
3
Let o = -6 + 5. Let k(z) = 77*z**3 - 2*z**2 - z. Let s be k(o). What is the tens digit of 9/6*s/(-9)?
1
Let c(v) = -10*v - 34. Let q(u) = 70*u + 240. Let d(f) = -20*c(f) - 3*q(f). What is the units digit of d(-18)?
0
Suppose 2731 = -4*z + 3*r + 2*r, -3*z - r = 2072. Let o = z - -1058. What is the hundreds digit of o?
3
Suppose 21*a + 31387 = 114610. What is the thousands digit of a?
3
Suppose 7*t - 254 = -44. Suppose -11*n = -t*n + 8702. What is the units digit of n?
8
Let n(m) = m**3 - m**2 - 4*m + 14. Let k be n(5). Suppose -x + 4*j = 6*j - k, 5*x - 506 = 2*j. What is the hundreds digit of x?
1
Let f be 38 + ((-2)/5)/(12/(-30)). Let l be (-1806)/(-8) + (-3 - f/(-12)). Let s = l - 118. What is the hundreds digit of s?
1
Let f(c) = -5*c - 9. Let b(r) = -r**3 - 20*r**2 - 18*r + 22. Let m be b(-19). Let x be (((-4)/m)/2)/(8/84). What is the tens digit of f(x)?
2
Suppose -34*i = -35*i - 4*g - 14, g = i + 19. Let m = 2 - 4. What is the tens digit of 2 + (3 - (m + i))?
2
What is the tens digit of (-14 - (16 + 0))/(4/(-502))?
6
Let n(f) = f**3 + 7*f**2 - 8*f + 8. Let z be n(-8). Let t be (-51 - -23) + 19 - (0 + -8). What is the tens digit of z/2 + t - -139?
4
Suppose 154392 = 27*j + 5*j + 10*j. What is the thousands digit of j?
3
Let x be (-22)/(-4) + (-3)/6. Let f = x + 761. Suppose 14*s - 774 = f. What is the tens digit of s?
1
Let m(h) = -365*h + 7237. What is the tens digit of m(10)?
8
Suppose 88 = s - 79. What is the hundreds digit of s*(15/5)/3?
1
Let y(k) be the second derivative of 3*k**4/4 - 5*k**3/6 + 3*k**2 + 30*k - 2. What is the units digit of y(5)?
6
Suppose -67 = 12*p - 127. Suppose 2*h - 2015 = -p*c + h, -1613 = -4*c - h. What is the units digit of c?
2
Let h = -314 - -318. Suppose -832 = -3*t - h*i, 2*t = -2*i - 61 + 615. What is the tens digit of t?
7
Suppose 48*l - 42870 = 2106. What is the hundreds digit of l?
9
Suppose -3*r + 5*a - 8 = 0, 4*r + 5*a - 2 + 1 = 0. Let s be 95/(-25)*r + 2/10. Suppose s*y + 4*v = 6*v + 786, -3*v = 4*y - 791. What is the units digit of y?
7
Let o be (6/(-6) + -1)*3/(-6). What is the 